{"id":306,"date":"2025-12-05T12:33:32","date_gmt":"2025-12-05T12:33:32","guid":{"rendered":"https:\/\/kindelwald.de\/?page_id=306"},"modified":"2025-12-05T12:33:37","modified_gmt":"2025-12-05T12:33:37","slug":"reiterhof-2","status":"publish","type":"page","link":"https:\/\/kindelwald.de\/?page_id=306","title":{"rendered":"Reiterhof"},"content":{"rendered":"<div class=\"\" style=\"\" >\n  \n    <section class=\"u-clearfix u-valign-bottom-lg u-valign-bottom-md u-valign-bottom-sm u-valign-middle-xs u-section-1\" id=\"sec-cf6f\">\n      <div class=\"u-expanded-width u-palette-3-light-3 u-radius u-shape u-shape-round u-shape-1\" data-animation-name=\"customAnimationIn\" data-animation-duration=\"1500\" data-animation-delay=\"500\"><\/div>\n      <img decoding=\"async\" class=\"u-expanded-width u-image u-image-round u-radius u-image-1\" src=\"https:\/\/kindelwald.de\/wp-content\/uploads\/2025\/12\/drohne-oben-7.jpg\" data-image-width=\"1307\" data-image-height=\"337\" data-animation-name=\"customAnimationIn\" data-animation-duration=\"1500\" data-animation-delay=\"500\">\n    <\/section>\n    <section class=\"u-clearfix u-palette-3-light-3 u-section-2\" id=\"carousel_7aef\">\n      <div class=\"u-align-center u-container-align-center u-container-style u-group u-radius u-shape-round u-white u-group-1\" data-animation-name=\"customAnimationIn\" data-animation-duration=\"1500\" data-animation-delay=\"500\">\n        <div class=\"u-container-layout u-valign-middle u-container-layout-1\">\n          <img decoding=\"async\" class=\"custom-expanded u-image u-image-contain u-image-default u-image-1\" src=\"https:\/\/kindelwald.de\/wp-content\/uploads\/2025\/12\/header-slogan-7.jpg\" alt=\"\" data-image-width=\"538\" data-image-height=\"125\">\n        <\/div>\n      <\/div>\n      <h2 class=\"u-align-center u-text u-text-custom-color-3 u-text-default-lg u-text-default-md u-text-default-sm u-text-default-xl u-text-1\" data-animation-name=\"customAnimationIn\" data-animation-duration=\"1500\" data-animation-delay=\"0\">Reiterhof am Kindelwald<br>\n      <\/h2>\n      <div class=\"data-layout-selected u-clearfix u-expanded-width u-gutter-20 u-layout-wrap u-layout-wrap-1\">\n        <div class=\"u-gutter-0 u-layout\">\n          <div class=\"u-layout-col\">\n            <div class=\"u-size-60\">\n              <div class=\"u-layout-col\">\n                <div class=\"u-container-style u-layout-cell u-shape-rectangle u-size-60 u-layout-cell-1\">\n                  <div class=\"u-container-layout u-container-layout-2\"><\/div>\n                <\/div>\n              <\/div>\n            <\/div>\n          <\/div>\n        <\/div>\n      <\/div>\n      <div class=\"data-layout-selected u-clearfix u-expanded-width u-layout-wrap u-layout-wrap-2\">\n        <div class=\"u-gutter-0 u-layout\">\n          <div class=\"u-layout-row\">\n            <div class=\"u-size-30 u-size-60-md\" style=\"min-height: 0px;\">\n              <div class=\"u-layout-col\">\n                <div class=\"u-container-style u-layout-cell u-shape-rectangle u-size-60 u-layout-cell-2\">\n                  <div class=\"u-container-layout u-valign-bottom-lg u-valign-bottom-sm u-valign-middle-xs u-valign-top-md u-container-layout-3\">\n                    <p class=\"u-text u-text-2\"> Reiterhof und so viel mehr...\n&nbsp; <br>hier finden Sie mehr Infos zur Reitanlage&nbsp; <br>\n                      <br> Reitschule (Ponys und Gro\u00dfpferde) <br> Reithalle 20 m&nbsp;x 40 m <br> Dressurviereck 20 m x 55 m <br> gro\u00dfer Springplatz <br> gro\u00dfes Roundpen <br> Ausreitgel\u00e4nde direkt am Hof <br> Innenboxen <br> Au\u00dfenboxen mit und ohne Paddock <br> Weidefl\u00e4chen direkt am Hof <br> Gastst\u00e4tte am Hof&nbsp; (Koppelsch\u00e4nke)<br> Reitverein ist auf dem Hof ans\u00e4ssig\n                    <\/p>\n                  <\/div>\n                <\/div>\n              <\/div>\n            <\/div>\n            <div class=\"u-size-30 u-size-60-md\" style=\"min-height: 0px;\">\n              <div class=\"u-layout-col\">\n                <div class=\"u-size-30\">\n                  <div class=\"u-layout-row\">\n                    <div class=\"u-container-style u-layout-cell u-shape-rectangle u-size-30 u-layout-cell-3\">\n                      <div class=\"u-container-layout u-valign-bottom-lg u-valign-bottom-md u-valign-bottom-sm u-valign-bottom-xl u-valign-top-xs u-container-layout-4\">\n                        <img decoding=\"async\" class=\"u-image u-image-default u-preserve-proportions u-image-2\" src=\"https:\/\/kindelwald.de\/wp-content\/uploads\/2025\/12\/Koppel-neu-7.jpg\" alt=\"\" data-image-width=\"680\" data-image-height=\"510\">\n                      <\/div>\n                    <\/div>\n                    <div class=\"u-container-style u-layout-cell u-shape-rectangle u-size-30 u-layout-cell-4\">\n                      <div class=\"u-container-layout u-valign-bottom-xl u-valign-top-lg u-valign-top-sm u-container-layout-5\">\n                        <img decoding=\"async\" class=\"custom-expanded u-image u-image-default u-image-3\" src=\"https:\/\/kindelwald.de\/wp-content\/uploads\/2025\/12\/Box-kl-6.jpg\" alt=\"\" data-image-width=\"400\" data-image-height=\"268\">\n                      <\/div>\n                    <\/div>\n                  <\/div>\n                <\/div>\n                <div class=\"u-size-30\">\n                  <div class=\"u-layout-row\">\n                    <div class=\"u-container-style u-layout-cell u-size-30 u-layout-cell-5\">\n                      <div class=\"u-container-layout u-valign-bottom-lg u-valign-bottom-sm u-valign-bottom-xs u-container-layout-6\">\n                        <img decoding=\"async\" class=\"custom-expanded u-hidden-xs u-image u-image-default u-image-4\" src=\"https:\/\/kindelwald.de\/wp-content\/uploads\/2025\/12\/aussen-7.jpg\" alt=\"\" data-image-width=\"680\" data-image-height=\"510\">\n                      <\/div>\n                    <\/div>\n                    <div class=\"u-container-style u-layout-cell u-size-30 u-layout-cell-6\">\n                      <div class=\"u-container-layout u-valign-bottom-lg u-valign-bottom-sm u-container-layout-7\">\n                        <img decoding=\"async\" class=\"u-image u-image-default u-preserve-proportions u-image-5\" src=\"https:\/\/kindelwald.de\/wp-content\/uploads\/2025\/12\/foto-weit-klein-7.jpg\" alt=\"\" data-image-width=\"150\" data-image-height=\"91\">\n                      <\/div>\n                    <\/div>\n                  <\/div>\n                <\/div>\n              <\/div>\n            <\/div>\n          <\/div>\n        <\/div>\n      <\/div>\n      <div class=\"u-expanded-width u-list u-list-1\">\n        <div class=\"u-repeater u-repeater-1\">\n          <div class=\"u-container-style u-list-item u-radius u-repeater-item u-shape-round u-white u-list-item-1\" data-animation-name=\"customAnimationIn\" data-animation-duration=\"1500\" data-animation-delay=\"500\">\n            <div class=\"u-container-layout u-similar-container u-container-layout-8\">\n              <h4 class=\"u-align-left u-text u-text-custom-color-3 u-text-3\">Reiterhof<\/h4>\n              <img decoding=\"async\" class=\"u-image u-image-default u-preserve-proportions u-image-6\" src=\"https:\/\/kindelwald.de\/wp-content\/uploads\/2025\/12\/Box-7.jpg\" alt=\"\" data-image-width=\"2117\" data-image-height=\"1417\">\n              <p class=\"u-align-left u-text u-text-custom-color-3 u-text-4\">Freizeit- oder Sportpferd? Bei uns f\u00fchlen sich alle wohl!<br>\n              <\/p>\n              <a href=\"https:\/\/kindelwald.de\/?page_id=306\" class=\"u-border-none u-btn u-button-style u-custom-color-3 u-hover-palette-1-light-1 u-radius u-btn-1\" title=\"Reiterhof\">Info<\/a>\n            <\/div>\n          <\/div>\n          <div class=\"u-container-style u-list-item u-radius u-repeater-item u-shape-round u-white u-list-item-2\" data-animation-name=\"customAnimationIn\" data-animation-duration=\"1500\" data-animation-delay=\"500\">\n            <div class=\"u-container-layout u-similar-container u-container-layout-9\">\n              <h4 class=\"u-align-left u-text u-text-custom-color-3 u-text-5\">Reitschule<\/h4>\n              <img decoding=\"async\" class=\"u-image u-image-default u-preserve-proportions u-image-7\" src=\"https:\/\/kindelwald.de\/wp-content\/uploads\/2025\/12\/reitschule-kl-7.jpg\" alt=\"\" data-image-width=\"200\" data-image-height=\"133\">\n              <p class=\"u-align-left u-text u-text-custom-color-3 u-text-6\">Reiten lernen? Wir bieten Longen-und Reitstunden an. <br>\n              <\/p>\n              <a href=\"https:\/\/kindelwald.de\/?page_id=308\" class=\"u-border-none u-btn u-button-style u-custom-color-3 u-hover-palette-1-light-1 u-radius u-btn-2\" title=\"Reitschule\">Info<\/a>\n            <\/div>\n          <\/div>\n          <div class=\"u-container-style u-list-item u-radius u-repeater-item u-shape-round u-white u-list-item-3\" data-animation-name=\"customAnimationIn\" data-animation-duration=\"1500\" data-animation-delay=\"500\">\n            <div class=\"u-container-layout u-similar-container u-container-layout-10\">\n              <h4 class=\"u-align-left u-text u-text-custom-color-3 u-text-7\">Ponyreiten<\/h4>\n              <img decoding=\"async\" class=\"u-image u-image-default u-preserve-proportions u-image-8\" src=\"https:\/\/kindelwald.de\/wp-content\/uploads\/2025\/12\/kind-kl-7.jpg\" alt=\"\" data-image-width=\"763\" data-image-height=\"535\">\n              <p class=\"u-align-left u-text u-text-custom-color-3 u-text-8\"> Kinder lieben Ponys! Kommen Sie zu uns, wir haben die Ponys!<br>\n              <\/p>\n              <a href=\"https:\/\/kindelwald.de\/?page_id=307\" class=\"u-border-none u-btn u-button-style u-custom-color-3 u-hover-palette-1-light-1 u-radius u-btn-3\" title=\"Ponyreiten\">Info<\/a>\n            <\/div>\n          <\/div>\n          <div class=\"u-container-style u-list-item u-radius u-repeater-item u-shape-round u-white u-list-item-4\" data-animation-name=\"customAnimationIn\" data-animation-duration=\"1500\" data-animation-delay=\"500\">\n            <div class=\"u-container-layout u-similar-container u-container-layout-11\">\n              <h4 class=\"u-align-left u-text u-text-custom-color-3 u-text-9\">Kontakt<\/h4>\n              <img decoding=\"async\" class=\"u-image u-image-default u-preserve-proportions u-image-9\" src=\"https:\/\/kindelwald.de\/wp-content\/uploads\/2025\/12\/kontakt-kl-7.jpg\" alt=\"\" data-image-width=\"200\" data-image-height=\"131\">\n              <p class=\"u-align-left u-text u-text-custom-color-3 u-text-10\">Wir freuen uns auf einen Kontakt mit Ihnen!<br>\n              <\/p>\n              <a href=\"https:\/\/kindelwald.de\/?page_id=309\" class=\"u-border-none u-btn u-button-style u-custom-color-3 u-hover-palette-1-light-1 u-radius u-btn-4\" title=\"Kontakt\">Info<\/a>\n            <\/div>\n          <\/div>\n        <\/div>\n      <\/div>\n    <\/section>\n    \n    \n    \n    \n  \n<\/div>","protected":false},"excerpt":{"rendered":"<p>Reiterhof am Kindelwald Reiterhof und so viel mehr&#8230; &nbsp; hier finden Sie mehr Infos zur Reitanlage&nbsp; Reitschule (Ponys und Gro\u00dfpferde) Reithalle 20 m&nbsp;x 40 m Dressurviereck 20 m x 55 m gro\u00dfer Springplatz gro\u00dfes Roundpen Ausreitgel\u00e4nde direkt am Hof Innenboxen Au\u00dfenboxen mit und ohne Paddock Weidefl\u00e4chen direkt am Hof Gastst\u00e4tte am Hof&nbsp; (Koppelsch\u00e4nke) Reitverein ist [&hellip;]<\/p>\n","protected":false},"author":1,"featured_media":0,"parent":0,"menu_order":1,"comment_status":"closed","ping_status":"closed","template":"","meta":{"footnotes":""},"class_list":["post-306","page","type-page","status-publish","hentry"],"_links":{"self":[{"href":"https:\/\/kindelwald.de\/index.php?rest_route=\/wp\/v2\/pages\/306","targetHints":{"allow":["GET"]}}],"collection":[{"href":"https:\/\/kindelwald.de\/index.php?rest_route=\/wp\/v2\/pages"}],"about":[{"href":"https:\/\/kindelwald.de\/index.php?rest_route=\/wp\/v2\/types\/page"}],"author":[{"embeddable":true,"href":"https:\/\/kindelwald.de\/index.php?rest_route=\/wp\/v2\/users\/1"}],"replies":[{"embeddable":true,"href":"https:\/\/kindelwald.de\/index.php?rest_route=%2Fwp%2Fv2%2Fcomments&post=306"}],"version-history":[{"count":1,"href":"https:\/\/kindelwald.de\/index.php?rest_route=\/wp\/v2\/pages\/306\/revisions"}],"predecessor-version":[{"id":311,"href":"https:\/\/kindelwald.de\/index.php?rest_route=\/wp\/v2\/pages\/306\/revisions\/311"}],"wp:attachment":[{"href":"https:\/\/kindelwald.de\/index.php?rest_route=%2Fwp%2Fv2%2Fmedia&parent=306"}],"curies":[{"name":"wp","href":"https:\/\/api.w.org\/{rel}","templated":true}]}}