{"id":307,"date":"2025-12-05T12:33:33","date_gmt":"2025-12-05T12:33:33","guid":{"rendered":"https:\/\/kindelwald.de\/?page_id=307"},"modified":"2025-12-05T12:33:37","modified_gmt":"2025-12-05T12:33:37","slug":"ponyreiten-2","status":"publish","type":"page","link":"https:\/\/kindelwald.de\/?page_id=307","title":{"rendered":"Ponyreiten"},"content":{"rendered":"<div class=\"\" style=\"\" >\n  \n    <section class=\"u-clearfix u-valign-bottom-lg u-valign-bottom-md u-valign-bottom-sm u-section-1\" id=\"sec-cf6f\">\n      <div class=\"u-expanded-width u-palette-3-light-3 u-radius u-shape u-shape-round u-shape-1\" data-animation-name=\"customAnimationIn\" data-animation-duration=\"1500\" data-animation-delay=\"500\"><\/div>\n      <img decoding=\"async\" class=\"u-expanded-width u-image u-image-round u-radius u-image-1\" src=\"https:\/\/kindelwald.de\/wp-content\/uploads\/2025\/12\/drohne-oben-7.jpg\" data-image-width=\"1307\" data-image-height=\"337\" data-animation-name=\"customAnimationIn\" data-animation-duration=\"1500\" data-animation-delay=\"500\">\n    <\/section>\n    <section class=\"u-clearfix u-palette-3-light-3 u-section-2\" id=\"carousel_7aef\">\n      <div class=\"u-align-center u-container-align-center u-container-style u-group u-radius u-shape-round u-white u-group-1\" data-animation-name=\"customAnimationIn\" data-animation-duration=\"1500\" data-animation-delay=\"500\">\n        <div class=\"u-container-layout u-valign-middle u-container-layout-1\">\n          <img decoding=\"async\" class=\"custom-expanded u-image u-image-contain u-image-default u-image-1\" src=\"https:\/\/kindelwald.de\/wp-content\/uploads\/2025\/12\/header-slogan-7.jpg\" alt=\"\" data-image-width=\"538\" data-image-height=\"125\">\n        <\/div>\n      <\/div>\n      <h2 class=\"u-align-center u-text u-text-custom-color-3 u-text-default u-text-1\" data-animation-name=\"customAnimationIn\" data-animation-duration=\"1500\" data-animation-delay=\"0\">Reiterhof am Kindelwald<br>\n      <\/h2>\n      <div class=\"data-layout-selected u-clearfix u-expanded-width u-gutter-16 u-layout-wrap u-layout-wrap-1\">\n        <div class=\"u-gutter-0 u-layout\">\n          <div class=\"u-layout-row\">\n            <div class=\"u-container-style u-layout-cell u-shape-rectangle u-size-32 u-layout-cell-1\">\n              <div class=\"u-container-layout u-container-layout-2\"><\/div>\n            <\/div>\n            <div class=\"u-container-style u-layout-cell u-shape-rectangle u-size-12 u-layout-cell-2\">\n              <div class=\"u-container-layout u-valign-top-md u-container-layout-3\">\n                <img decoding=\"async\" class=\"custom-expanded u-image u-image-default u-image-2\" src=\"https:\/\/kindelwald.de\/wp-content\/uploads\/2025\/12\/pony-neu-reiten-3.jpg\" alt=\"\" data-image-width=\"144\" data-image-height=\"150\">\n              <\/div>\n            <\/div>\n            <div class=\"u-container-style u-layout-cell u-size-16 u-layout-cell-3\">\n              <div class=\"u-container-layout u-container-layout-4\">\n                <img decoding=\"async\" class=\"u-expanded-width-xs u-image u-image-default u-image-3\" src=\"https:\/\/kindelwald.de\/wp-content\/uploads\/2025\/12\/kind-kl-7.jpg\" alt=\"\" data-image-width=\"763\" data-image-height=\"535\">\n              <\/div>\n            <\/div>\n          <\/div>\n        <\/div>\n      <\/div>\n      <p class=\"u-text u-text-2\"><span style=\"font-weight: 700;\">Ponyreiten am Kindelwald<\/span>\n        <br> Entdecke mit Deinem Kind das Erlebnis Ponyreiten in Berlin, wo sich Eltern und Kinder gleicherma\u00dfen auf eine gemeinsame Aktivit\u00e4t in der Natur freuen.<br>Ponyreiten ist f\u00fcr Kinder ein Abenteuer. Das Kind hat zusammen mit einer vollj\u00e4hrigen Person die M\u00f6glichkeit, den ersten Kontakt zu unseren Ponys zu kn\u00fcpfen.<br>Melden Sie sich bei uns per <a href=\"tel:01723125143\" class=\"u-active-none u-border-none u-btn u-button-link u-button-style u-hover-none u-none u-text-palette-1-base u-btn-1\">Whats App<\/a> oder <a href=\"tel:01723125143\" class=\"u-active-none u-border-none u-btn u-button-link u-button-style u-hover-none u-none u-text-palette-1-base u-btn-2\">SMS <\/a>an, wir freuen uns auf den <a href=\"https:\/\/kindelwald.de\/?page_id=309\" class=\"u-active-none u-border-none u-btn u-button-link u-button-style u-hover-none u-none u-text-palette-1-base u-btn-3\" title=\"Kontakt\">Kontakt<\/a>!<br>ACHTUNG: bei Regen, Sturm, Gewitter kein Ponyreiten!<br>Bei gro\u00dfer Hitze wird individuell entschieden! <br>\n      <\/p>\n      <div class=\"u-expanded-width u-list u-list-1\">\n        <div class=\"u-repeater u-repeater-1\">\n          <div class=\"u-container-style u-list-item u-radius u-repeater-item u-shape-round u-white u-list-item-1\" data-animation-name=\"customAnimationIn\" data-animation-duration=\"1500\" data-animation-delay=\"500\">\n            <div class=\"u-container-layout u-similar-container u-container-layout-5\">\n              <h4 class=\"u-align-left u-text u-text-custom-color-3 u-text-3\">Reiterhof<\/h4>\n              <img decoding=\"async\" class=\"u-image u-image-default u-preserve-proportions u-image-4\" src=\"https:\/\/kindelwald.de\/wp-content\/uploads\/2025\/12\/Box-7.jpg\" alt=\"\" data-image-width=\"2117\" data-image-height=\"1417\">\n              <p class=\"u-align-left u-text u-text-custom-color-3 u-text-4\">Freizeit- oder Sportpferd? Bei uns f\u00fchlen sich alle wohl!<br>\n              <\/p>\n              <a href=\"https:\/\/kindelwald.de\/?page_id=306\" class=\"u-border-none u-btn u-button-style u-custom-color-3 u-hover-palette-1-light-1 u-radius u-btn-4\" title=\"Reiterhof\">Infos<\/a>\n            <\/div>\n          <\/div>\n          <div class=\"u-container-style u-list-item u-radius u-repeater-item u-shape-round u-white u-list-item-2\" data-animation-name=\"customAnimationIn\" data-animation-duration=\"1500\" data-animation-delay=\"500\">\n            <div class=\"u-container-layout u-similar-container u-container-layout-6\">\n              <h4 class=\"u-align-left u-text u-text-custom-color-3 u-text-5\">Reitschule<\/h4>\n              <img decoding=\"async\" class=\"u-image u-image-default u-preserve-proportions u-image-5\" src=\"https:\/\/kindelwald.de\/wp-content\/uploads\/2025\/12\/reitschule-kl-7.jpg\" alt=\"\" data-image-width=\"200\" data-image-height=\"133\">\n              <p class=\"u-align-left u-text u-text-custom-color-3 u-text-6\">Reiten lernen? Wir bieten Longen-und Reitstunden an. <br>\n              <\/p>\n              <a href=\"https:\/\/kindelwald.de\/?page_id=308\" class=\"u-border-none u-btn u-button-style u-custom-color-3 u-hover-palette-1-light-1 u-radius u-btn-5\" title=\"Reitschule\">Infos<\/a>\n            <\/div>\n          <\/div>\n          <div class=\"u-container-style u-list-item u-radius u-repeater-item u-shape-round u-white u-list-item-3\" data-animation-name=\"customAnimationIn\" data-animation-duration=\"1500\" data-animation-delay=\"500\">\n            <div class=\"u-container-layout u-similar-container u-container-layout-7\">\n              <h4 class=\"u-align-left u-text u-text-custom-color-3 u-text-7\">Ponyreiten<\/h4>\n              <img decoding=\"async\" class=\"u-image u-image-default u-preserve-proportions u-image-6\" src=\"https:\/\/kindelwald.de\/wp-content\/uploads\/2025\/12\/kind-kl-7.jpg\" alt=\"\" data-image-width=\"763\" data-image-height=\"535\">\n              <p class=\"u-align-left u-text u-text-custom-color-3 u-text-8\"> Kinder lieben Ponys! Kommen Sie zu uns, wir haben die Ponys!<br>\n              <\/p>\n              <a href=\"https:\/\/kindelwald.de\/?page_id=307\" class=\"u-border-none u-btn u-button-style u-custom-color-3 u-hover-palette-1-light-1 u-radius u-btn-6\" title=\"Ponyreiten\">Infos<\/a>\n            <\/div>\n          <\/div>\n          <div class=\"u-container-style u-list-item u-radius u-repeater-item u-shape-round u-white u-list-item-4\" data-animation-name=\"customAnimationIn\" data-animation-duration=\"1500\" data-animation-delay=\"500\">\n            <div class=\"u-container-layout u-similar-container u-container-layout-8\">\n              <h4 class=\"u-align-left u-text u-text-custom-color-3 u-text-9\">Kontakt<\/h4>\n              <img decoding=\"async\" class=\"u-image u-image-default u-preserve-proportions u-image-7\" src=\"https:\/\/kindelwald.de\/wp-content\/uploads\/2025\/12\/kontakt-kl-7.jpg\" alt=\"\" data-image-width=\"200\" data-image-height=\"131\">\n              <p class=\"u-align-left u-text u-text-custom-color-3 u-text-10\">Wir freuen uns auf einen Kontakt mit Ihnen! <br>\n              <\/p>\n              <a href=\"https:\/\/kindelwald.de\/?page_id=309\" class=\"u-border-none u-btn u-button-style u-custom-color-3 u-hover-palette-1-light-1 u-radius u-btn-7\" title=\"Kontakt\">Infos<\/a>\n            <\/div>\n          <\/div>\n        <\/div>\n      <\/div>\n    <\/section>\n    \n    \n    \n    \n  \n<\/div>","protected":false},"excerpt":{"rendered":"<p>Reiterhof am Kindelwald Ponyreiten am Kindelwald Entdecke mit Deinem Kind das Erlebnis Ponyreiten in Berlin, wo sich Eltern und Kinder gleicherma\u00dfen auf eine gemeinsame Aktivit\u00e4t in der Natur freuen.Ponyreiten ist f\u00fcr Kinder ein Abenteuer. Das Kind hat zusammen mit einer vollj\u00e4hrigen Person die M\u00f6glichkeit, den ersten Kontakt zu unseren Ponys zu kn\u00fcpfen.Melden Sie sich bei [&hellip;]<\/p>\n","protected":false},"author":1,"featured_media":0,"parent":0,"menu_order":2,"comment_status":"closed","ping_status":"closed","template":"","meta":{"footnotes":""},"class_list":["post-307","page","type-page","status-publish","hentry"],"_links":{"self":[{"href":"https:\/\/kindelwald.de\/index.php?rest_route=\/wp\/v2\/pages\/307","targetHints":{"allow":["GET"]}}],"collection":[{"href":"https:\/\/kindelwald.de\/index.php?rest_route=\/wp\/v2\/pages"}],"about":[{"href":"https:\/\/kindelwald.de\/index.php?rest_route=\/wp\/v2\/types\/page"}],"author":[{"embeddable":true,"href":"https:\/\/kindelwald.de\/index.php?rest_route=\/wp\/v2\/users\/1"}],"replies":[{"embeddable":true,"href":"https:\/\/kindelwald.de\/index.php?rest_route=%2Fwp%2Fv2%2Fcomments&post=307"}],"version-history":[{"count":1,"href":"https:\/\/kindelwald.de\/index.php?rest_route=\/wp\/v2\/pages\/307\/revisions"}],"predecessor-version":[{"id":312,"href":"https:\/\/kindelwald.de\/index.php?rest_route=\/wp\/v2\/pages\/307\/revisions\/312"}],"wp:attachment":[{"href":"https:\/\/kindelwald.de\/index.php?rest_route=%2Fwp%2Fv2%2Fmedia&parent=307"}],"curies":[{"name":"wp","href":"https:\/\/api.w.org\/{rel}","templated":true}]}}